termine r(26).
-10
Let o(i) = -2*i - 8. Determine o(-3).
-2
Let s(r) = r**2 + 9*r + 9. Give s(-6).
-9
Let i(u) = u**2 - u - 7. Give i(6).
23
Let r(l) = 3*l**3 + 3*l**2 + l - 2. Determine r(-2).
-16
Let x(p) = -p - 10. What is x(0)?
-10
Let d(p) = p**2 - 61*p + 332. Calculate d(55).
2
Let b(j) = j**2 - 11*j + 1. Calculate b(8).
-23
Let q(w) = -w + 2. Give q(-7).
9
Let f(j) = 34*j**2 - 6*j + 4. Give f(2).
128
Let w(l) = -l**3 + 9*l**2 - 12*l + 29. Calculate w(5).
69
Let k(z) = z**2 + 9*z - 7. Calculate k(-7).
-21
Let x(d) = d**3 + 8*d**2 - 7*d - 19. What is x(-6)?
95
Let r(l) = 2*l + 1. Calculate r(-5).
-9
Let y(b) = b**2 - 13*b - 92. What is y(18)?
-2
Let i(n) = -6*n**2 - 45*n + 16. Give i(-8).
-8
Let m(z) = z**3 - 7*z**2 - z - 15. Give m(7).
-22
Let o(m) = -5*m**3 + m**2 - 3*m + 1. Calculate o(2).
-41
Let v(m) = -m**2 - 11*m - 12. Determine v(-9).
6
Let p(m) = 2*m**2 + 10*m. Give p(-5).
0
Let w(l) = 12*l. Give w(2).
24
Let l(t) = -t**2 + 8*t - 4. Give l(5).
11
Let d(t) = 9*t - 51. Give d(6).
3
Let c(b) = -2*b**2 - b + 3. Give c(2).
-7
Let z(p) = -7*p**2 + 72*p - 21. Determine z(10).
-1
Let g(q) = -9*q + 38. Determine g(4).
2
Let t(o) = o**3 + 14*o**2 - 18*o - 16. Give t(-15).
29
Let z(x) = -x**3 + 8*x**2 + 6*x - 7. Give z(9).
-34
Let s(o) = -12*o + 9. Calculate s(3).
-27
Let l(q) = 3*q**3 - 2*q**2 - q. Calculate l(2).
14
Let p(j) = j**2 - 10*j - 1. Determine p(8).
-17
Let v(f) = 2*f**3 - 4*f**2 + 4*f - 5. Give v(2).
3
Let t(c) = c**3 + c**2 - 6. Calculate t(0).
-6
Let y(k) = 13*k + 62. Determine y(-4).
10
Let d(r) = r**2 - 3*r - 19. Calculate d(12).
89
Let h(a) = -2*a**3 - 3*a**2 + 4*a - 1. Give h(1).
-2
Let j(g) = -3*g - 42. Calculate j(-16).
6
Let j(z) = -z**2 - 14*z - 25. Determine j(-11).
8
Let p(s) = -3*s + 166. Give p(55).
1
Let c(l) = -l**3 - 11*l**2 + 26*l + 2. Determine c(-13).
2
Let p(y) = 10*y + 1. Calculate p(-3).
-29
Let o(u) = -8*u + 84. Calculate o(10).
4
Let h(k) = -5*k**3 - 3*k**2 + 1. Determine h(-2).
29
Let a(n) = n**2 - 3*n + 14. Calculate a(-5).
54
Let j(b) = 6*b**3 + b**2 + 8*b + 15. Determine j(-2).
-45
Let v(p) = -p**2 + 19*p + 120. Give v(24).
0
Let t(n) = n**2 + 6*n + 7. Calculate t(-12).
79
Let z(l) = -l + 10. Give z(-8).
18
Let n(h) = 9*h**3 + h**2 - h - 2. Determine n(-1).
-9
Let y(c) = -c**3 + 10*c**2 - 6*c - 4. Calculate y(9).
23
Let n(t) = -t**3 + 38*t**2 - 38*t + 57. Determine n(37).
20
Let q(a) = 3*a - 2. What is q(9)?
25
Let z(a) = 2*a + 15. What is z(-10)?
-5
Let y(r) = -r**3 - 8*r**2 + 13*r + 4. What is y(-9)?
-32
Let w(n) = -3*n**3 + 23*n**2 - 13*n - 11. Determine w(7).
-4
Let i(r) = -2*r + 30. What is i(0)?
30
Let b(o) = -o**3 - 14*o**2 - 2*o - 5. What is b(-14)?
23
Let g(m) = m**2 + 12*m + 29. Give g(-9).
2
Let d(t) = -t**3 + 42*t**2 + 88*t + 11. Determine d(44).
11
Let s(f) = f**3 - 7*f**2 - 6*f. What is s(7)?
-42
Let t(j) = -2*j**3 - 20*j**2 + j + 1. What is t(-10)?
-9
Let z(x) = -x**2 + x - 2. Determine z(3).
-8
Let t(r) = -8*r**2 - 10*r - 20. Calculate t(-4).
-108
Let n(z) = 3*z**3 - z**2 - z - 2. Determine n(-2).
-28
Let i(g) = -g**2 + 6*g + 3. Determine i(7).
-4
Let c(r) = -r + 13. Determine c(-3).
16
Let c(k) = -k + 26. Determine c(11).
15
Let a(s) = s**3 - 8*s**2 + 7*s + 5. What is a(7)?
5
Let l(q) = 3*q**2 - 8*q + 5. What is l(5)?
40
Let j(b) = b**3 - 5*b**2 + 7*b - 5. Determine j(4).
7
Let q(c) = -7*c - 79. What is q(-9)?
-16
Let g(y) = y**3 - 5*y + 3. What is g(3)?
15
Let z(g) = g + 21. Give z(-22).
-1
Let n(y) = -y**3 - y**2 + y + 2. Calculate n(-3).
17
Let i(f) = -f**3 - 2*f**2 + 2*f + 9. What is i(-2)?
5
Let o(q) = q + 1. What is o(-5)?
-4
Let z(c) = -c**2 + 3*c - 4. Calculate z(-4).
-32
Let l(k) = -81*k - 1041. Calculate l(-13).
12
Let r(u) = -8*u**2 + 17*u + 46. Calculate r(-4).
-150
Let a(n) = 2*n**2 - 4*n + 7. Determine a(-4).
55
Let b(p) = 29*p - 61. Determine b(2).
-3
Let a(d) = -4*d - 14. Give a(0).
-14
Let j(x) = 43*x**2 - 6*x - 5. What is j(-1)?
44
Let q(l) = 5*l**3 + 4*l**2 + 2*l. Determine q(-2).
-28
Let k(i) = -3*i**2 + 13*i - 5. Give k(4).
-1
Let f(t) = t**3 + 13*t**2 - 33*t - 34. Calculate f(-15).
11
Let k(a) = 4*a**2 + 139*a - 28. Give k(-35).
7
Let c(o) = o**2 - 11*o + 29. Give c(6).
-1
Let u(c) = 24*c**3 + c**2. What is u(1)?
25
Let d(b) = -30*b**2 + 2. Determine d(-2).
-118
Let j(b) = -b**3 - 26*b**2 - 29*b - 83. Determine j(-25).
17
Let x(a) = -a**3 + 16*a**2 + 3*a + 2. Determine x(16).
50
Let y(m) = m**3 + 25*m**2 - 29*m - 64. Give y(-26).
14
Let s(a) = a**2 - 4*a + 3. Calculate s(2).
-1
Let c(x) = -3*x + 3. What is c(4)?
-9
Let l(p) = -p**3 - 5*p - 2. Determine l(3).
-44
Let o(t) = t**2 + 5*t - 2. Calculate o(-7).
12
Let h(r) = -2*r**2 - 11*r + 20. Give h(-6).
14
Let x(r) = -r**2 - 3*r - 1. Calculate x(8).
-89
Let z(n) = 4*n + 55. Give z(-22).
-33
Let y(v) = v**2 - 26*v + 26. Give y(25).
1
Let r(y) = -y**3 - 2*y**2 + 3*y + 1. What is r(-3)?
1
Let a(i) = -8*i + 45. Determine a(5).
5
Let d(t) = t**3 - 8*t**2 + 11*t - 14. Determine d(7).
14
Let a(x) = 3*x + 84. Determine a(11).
117
Let p(f) = -f**3 - 6*f**2 - 6. Calculate p(-6).
-6
Let b(m) = -m + 7. What is b(-6)?
13
Let x(m) = -m - 21. Give x(-12).
-9
Let u(k) = 5*k + 2. What is u(-1)?
-3
Let l(n) = -n**3 + 23*n**2 + 79*n - 32. Give l(26).
-6
Let y(f) = f**2 + 25*f + 57. What is y(-19)?
-57
Let m(t) = -t**3 + 2*t**2 + 7*t - 12. Give m(5).
-52
Let k(q) = -q**2 - 6*q - 10. What is k(-6)?
-10
Let j(r) = -r**2 - r + 6. Give j(-5).
-14
Let o(z) = -z**3 - 5*z**2 - 3*z + 4. What is o(-2)?
-2
Let h(y) = y**3 + 10*y**2 - 21*y - 9. What is h(-12)?
-45
Let t(b) = b**3 + 8*b**2 - b - 8. Calculate t(-7).
48
Let u(a) = 4*a**3 - 4*a**2 + 3*a - 5. Calculate u(2).
17
Let u(l) = l**2 + 10*l - 45. Determine u(-13).
-6
Let x(z) = -359*z - 714. Calculate x(-2).
4
Let n(q) = 16*q**2 + 93*q + 6. Determine n(-6).
24
Let r(s) = 2*s**2 + 12*s - 21. What is r(2)?
11
Let s(z) = -11*z**3 + 4*z**2 + 4*z - 6. What is s(1)?
-9
Let y(p) = -p**3 + 3*p**2 + 6*p - 4. What is y(4)?
4
Let g(z) = -z**3 - 14*z**2 + 2*z - 196. Determine g(-15).
-1
Let f(t) = t**3 + 7*t**2 - 3*t + 17. Calculate f(-8).
-23
Let l(i) = i**2 - 5*i - 4. What is l(5)?
-4
Let u(b) = b**2 - 25*b - 3. Give u(26).
23
Let c(s) = -s**2 + 13*s + 11. Give c(15).
-19
Let p(y) = 2*y - 5. Give p(2).
-1
Let r(i) = 7*i + 22. Give r(-4).
-6
Let d(z) = -20*z**2 + 2*z - 1. Determine d(1).
-19
Let l(u) = u**2 - 4*u + 2. Calculate l(1).
-1
Let o(t) = t**3 + 7*t**2 + 2*t - 3. Determine o(-5).
37
Let x(u) = 5*u - 20. Give x(3).
-5
Let s(i) = -13*i - 1. Determine s(2).
-27
Let q(s) = -s**2 - 3*s - 5. Calculate q(-2).
-3
Let x(a) = -a + 1. Give x(1).
0
Let t(u) = 2*u**3 - 2*u**2 - 4*u + 8. What is t(-4)?
-136
Let s(j) = j**3 - 2*j**2 - 3*j + 5. Calculate s(3).
5
Let b(m) = 3*m + 15. What is b(-8)?
-9
Let a(y) = -44*y**2 - 2*y - 1. Calculate a(1).
-47
Let j(s) = 2*s**2 - 14*s - 3. What is j(7)?
-3
Let w(h) = 2*h**2 + 24*h + 63. What is w(-6)?
-9
Let d(m) = m. Calculate d(-2).
-2
Let c(v) = -13*v + 4. Determine c(1).
-9
Let f(x) = 11*x - 1. Give f(3).
32
Let b(g) = -g + 6. Determine b(-8).
14
Let m(k) = -2*k**2 + 34*k - 27. What is m(16)?
5
Let j(s) = 7*s + 2. Determine j(-1).
-5
Let f(b) = 4*b + 14. What is f(-5)?
-6
Let f(h) = -h**3 + 6*h - 1. Determine f(3).
-10
Let f(o) = 13*o**3 + 5*o + 4. Determine f(-1).
-14
Let l(t) = -t**2 - 30*t - 73. Calculate l(-27).
8
Let w(f) = f**3 + 26*f**2 + 51*f + 57. What is w(-24)?
-15
Let b(r) = -r**3 - 18*r**2 - 17*r - 5. Calculate b(-17).
-5
Let l(z) = -z + 63. Determine l(37).
26
Let w(z) = -z**2 - 14*z - 26. What is w(-14)?
-26
Let f(b) = b**2 - 4*b - 2. Calculate f(6).
10
Let m(o) = -o**3 + 3*o**2 + 7*o - 4. Calculate m(4).
8
Let v(m) = m**2 - 8*m - 1. Give v(10).
19
Let n(b) = -b**2 + 4*b - 5. What is n(5)?
-10
Let z(c) = -25*c - 19. Determine z(3).
-94
Let f(u) = -u**3 - 8*u**2 - 9*u + 1. Calculate f(-4).
-27
Let f(o) = 31*o - 2. Calculate f(2).
60
Let h(m) = m**3 - 1. Determine h(2).
7
Let s(j) = j**2 - 10*j + 16. Give s(7).
-5
Let l(c) = c**2 - c - 49. What is l(8)?
7
Let o(f) = 4*f + 35. Give o(-10).
-5
Let h(o) = -o**3 + 14*o**2 + 31*o + 19. Give h(16).
3
Let h(o) = -o**2 - 3*o - 4. Determine h(-2).
-2
Let n(r) = -9*r - 56. Determine n(-6).
-2
Let m(k) = 2*k + 14. What is m(-6)?
2
Let v(n) = -41*n - 25. Give v(-1).
16
Let s(y) = -2*y**2 + 3*y - 2. What is